*z + 5 - 4 - 9*p**d. What is o(-1)?
-16
Let x(d) = 136*d - 550. Let t be x(4). Let i(c) = -c**3 - 8*c**2 - 3*c + 2. Let v(h) = h**3 + 8*h**2 + 2*h - 3. Let q(r) = -7*i(r) - 6*v(r). What is q(t)?
22
Let d(y) = -7*y**3 + y**2 - 181 - 3*y + 67 + 39 + 71. What is d(-2)?
62
Let x(a) = -13202*a - 26 + 13222*a + 221*a**2 - 241*a**2 + 2*a**3. What is x(9)?
-8
Let x(k) = k**2 + 46*k - 214. Let s be x(-50). Let o(f) = 3*f - 3. Determine o(s).
-45
Let u(l) be the first derivative of -9*l**2/2 - l + 1. Let k be (30 - 41)/121*-11. Give u(k).
-10
Let g(r) = -r**3 - 4*r**2 + 2*r - 5. Let k be g(-4). Let n(i) be the second derivative of i**5/20 + 13*i**4/12 - i**3/6 - 5*i**2 + 26213*i. Calculate n(k).
3
Let l(q) be the third derivative of -4*q - 1/3*q**4 + 1/120*q**6 - 1/6*q**3 - 1/12*q**5 - 9*q**2 + 0. What is l(6)?
-13
Let v(g) be the second derivative of 0*g**4 - 10*g + 0 + 8/3*g**3 + 0*g**2 - 1/40*g**5. Let q(c) be the second derivative of v(c). Determine q(1).
-3
Let h(y) = -y**2 - 9*y - 2. Suppose 0 = -63*g + 70*g - 1029. Let u = g + -151. Give h(u).
18
Let t(v) = 578*v - 11. Let z(d) = -63*d + 1. Let k(s) = t(s) + 9*z(s). What is k(1)?
9
Let w(s) = s**3 + 13*s**2 - 13*s + 14. Let h(c) = c**3 - 10*c**2 + 13*c - 5. Let k be h(5). Let j = 51 + k. What is w(j)?
0
Suppose 3*d = -d + 3*a - 43, 0 = 2*d - a + 19. Let q be (-3)/12 - (-111)/12. Let h(w) = 0*w - 9*w + 8*w - q. Calculate h(d).
-2
Let m(f) = f**3 - 27*f**2 + 49*f + 13. Let t(d) = -6*d - 701. Let g be t(-121). Give m(g).
-12
Let v(h) = -21*h**2 - 28*h - 86. Let s(p) = 19*p**2 + 27*p + 82. Let x(k) = 10*s(k) + 9*v(k). Calculate x(-16).
14
Let k(z) = -4 + 18478*z - 21*z**2 + 19*z**2 - 18498*z. Give k(-10).
-4
Let b(u) = -113339 + 13*u + 226675 - 113341. Calculate b(-10).
-135
Let q(c) = c - 1. Suppose 0 = -5*t - s + 19, 2*t + s = -t + 13. Suppose 1 = -g + k, 0 = 5*g - 15*k + 12*k + t. Calculate q(g).
-1
Suppose j = -11*j + 24. Let y = j - 0. Let k(n) = y*n + 1 + 17*n**2 - n**3 - 6*n**2 - 11*n**2. What is k(-2)?
5
Let r(o) be the third derivative of -2*o**2 + 1/30*o**5 - 1/8*o**4 - 1/3*o**3 + 4 + 1/60*o**6 + 0*o. Determine r(-2).
-4
Let c(h) = h - 9. Let u be c(4). Let z(n) be the second derivative of 2*n**2 + 1/20*n**5 + 0 + 26*n + 1/2*n**4 + 1/2*n**3. Calculate z(u).
14
Let h(v) be the third derivative of 51*v**2 - 19/3*v**3 - 1/8*v**4 - 1/360*v**6 + 0*v + 0 - 7/120*v**5. Let l(m) be the first derivative of h(m). Give l(-7).
-3
Let s(o) = -30*o - 32. Let j be s(4). Let h = 140 + j. Let q(v) = -v - 12. What is q(h)?
0
Let h(s) = 9*s. Suppose -y + 3*i - 30 = -4*y, -2*i = -y - 2. Let z(b) = 11*b. Let l(w) = y*h(w) - 5*z(w). What is l(-4)?
4
Let r(a) be the third derivative of 0 + 0*a + 1/30*a**5 + 1/24*a**4 - 1/3*a**3 + 80*a**2. Give r(2).
8
Let i(r) = -20*r - 376. Let s = -8074 - -8055. Determine i(s).
4
Let p(v) = -2*v**3 - 13*v**2 + 159*v + 1070. Let l be p(-7). Let i(k) = -k**2 + 29*k - 140. Calculate i(l).
-2
Let r(n) = n**3 - 5*n**2 + 15*n - 50. Let v be r(4). Let s(d) be the third derivative of 0 - 1/6*d**4 - 1/60*d**5 + 0*d + d**2 + 4/3*d**3. Calculate s(v).
-4
Let m(b) = 2*b**2 - 13*b - 6. Let v(c) = -c**2 + 7*c + 3. Let x(h) = 2*m(h) + 5*v(h). Let l be 3/((-3)/90*-2). Suppose 18 = 47*t - l*t. Calculate x(t).
3
Let o(p) be the second derivative of p**3/6 - 7*p**2 + 260*p + 7. What is o(9)?
-5
Let r(u) be the third derivative of -1/120*u**6 + 10*u - 1/4*u**4 + 0*u**3 - 1/12*u**5 + 0 - 2*u**2. Determine r(-4).
8
Let i = 48 - 51. Let r(d) = 2*d - 18 + 2*d + 9*d - 6*d + 21. Give r(i).
-18
Let d be (-103)/((8/12)/((-8)/12)). Let f(j) = -d + 2*j + 203 - 100. Give f(4).
8
Let b(o) be the third derivative of -o**6/120 - o**5/60 + o**4/24 + o**3/6 + o**2. Let l(h) = -50*h + 800. Let k be l(16). What is b(k)?
1
Let w(n) = -n**3 + 6*n**2 + 18*n - 11. Let r be w(8). Suppose 34 = r*b + 19. Let k(a) = 2*a**2 + 2*a - 1 - 4*a**2 - 85*a**3 + 84*a**b - 2. What is k(-3)?
0
Let l(s) be the third derivative of s**5/20 - s**4/4 - 2*s**3 + s**2 + 353. Give l(4).
12
Let u(z) = -z + 2. Let l(n) = -6*n**2 - 91*n - 10. Let o be l(-15). Suppose -o*v + 12 = 2. Give u(v).
0
Let r(b) = 2*b**2 - 26*b - 26. Let p be r(14). Let g(s) = -9*s**2 + 3*s - 5. What is g(p)?
-35
Let r(d) = 0*d**2 + 2*d**2 - 249*d + 9*d**2 + 44 + 262*d - 8*d**2. Determine r(-4).
40
Let c(n) = 6*n - 49. Let d(l) = -6*l + 30. Let h(q) = 2*c(q) + 3*d(q). Give h(10).
-68
Let v(s) = -11*s**2 - 3*s - 7. Let m(f) = -19*f**2 - 6*f - 13. Let q(z) = -4*m(z) + 7*v(z). Suppose 0 = 7*h + 11*h + 90. Determine q(h).
-37
Let z(p) = 3*p**2 + p - 11. Let h(l) = l**2 - 2. Suppose -4 = -3*w + 5*i + 14, 5*w = -3*i - 4. Let k(u) = w*z(u) - 5*h(u). Calculate k(4).
-29
Let v(z) be the second derivative of z**4/6 + 11*z**3/3 + 57*z**2/2 + 11960*z. Calculate v(-4).
1
Let r be 13 - (560/(-4))/(-14). Let j(f) = 19*f - 68. Calculate j(r).
-11
Let l(i) be the first derivative of i**5/120 - i**4/24 + 40*i**3/3 + 49. Let s(t) be the third derivative of l(t). Determine s(3).
2
Suppose 11*m - 230 = 12. Let j(p) = 24*p - 48*p + m + 30*p. Let w be j(-3). Let z(v) = 2*v - 9. What is z(w)?
-1
Let t be (-4)/(-2) - (35/(-5) + 7). Let b(i) = -44*i**2 - 50*i**t + 2*i - 47*i**2 + 144*i**2 + 1. Determine b(-2).
9
Let w(s) = -60*s**2 + 36*s + 39. Let r(k) = -17*k**2 + 12*k + 13. Let j(i) = 7*r(i) - 2*w(i). Determine j(-10).
-7
Let n = -275608 - -275609. Let r(y) = y**2 - 4*y + 2. Let l be r(4). Let f(x) = -5*x**2 - x - 5*x**l + 0*x. What is f(n)?
-11
Suppose 0 = 11*k - 15 - 7. Let z(g) = k + 48*g + 61*g - 149*g + 55*g. Calculate z(3).
47
Let m(b) = b**3 - 4*b**2 + 5*b. Let j(v) = 7*v**2 + 16*v - 55. Let r(i) = 13*i**2 + 31*i - 108. Let w(q) = 11*j(q) - 6*r(q). Let o be w(-13). Determine m(o).
20
Suppose 11*p = -15*p - 572. Let j(t) = -t**3 - 15*t**2 + 153*t - 23. Let g be j(p). Let d(u) = 7*u + 2. Give d(g).
-5
Let x be (7/2 + -1)/(5/(-10)). Let s(k) = 7 - 4*k + 4*k + k + 0*k - 1. Give s(x).
1
Let d(y) = -y**2 - 18*y + 35. Suppose 4*o = 6*o + 40. Let b be d(o). Let g(f) = -f**2 - 7*f - 9. Give g(b).
1
Let w(v) be the second derivative of v**4/12 - 2*v**3/3 - 892*v. Give w(8).
32
Let h(j) = -j**3 + 8*j**2 - 8*j + 4. Suppose 195 = 10*q - 275. Suppose 0 = -q*b + 39*b - 32. Let p be 4/(6*b/(-42)). What is h(p)?
-3
Suppose -12 = 105*h - 109*h. Let w be (-8)/(-14) - ((-1386)/49)/h. Let x(s) = s - 22. Determine x(w).
-12
Let j(t) = t**2 - 107*t - 1169. Let u be j(-10). Let h(r) = 62*r - 69. Give h(u).
-7
Let n = 3631 + -3631. Let r(i) = i**3 - i**2 + 4*i - 27. Determine r(n).
-27
Let r(o) be the first derivative of 24 + 6*o**2 - 12*o + 10/3*o**3 - 1/4*o**4. Determine r(11).
-1
Let c(a) = 4*a - 1. Let j(u) = -2*u**3 + 2*u**2 + u - 2. Let h be (-20)/(-6) + (-5)/15. Let w be h/(12/(-4))*-1. Let t be j(w). Give c(t).
-5
Let v(k) = -k + 5. Let x(d) = 3 - 6*d - 5 - 5*d**2 + 26*d**3 - 27*d**3. Let h = -60 + 56. Let z be x(h). Calculate v(z).
-1
Let g(t) = -4*t**2 + 23*t - 7. Let m(y) = -3*y**2 - 16*y + 40. Let j be m(-7). Determine g(j).
8
Let v(f) = -f - 6. Let o(s) = -7*s - 46. Let i(n) = -o(n) + 8*v(n). What is i(-8)?
6
Let u(v) be the third derivative of v**6/120 - v**5/15 + v**4/4 - 7*v**3/6 - 269*v**2. What is u(2)?
-3
Let d(h) = h**3 + h**2 + h + 1. Let g(o) = -2*o**2 + 2 + 0*o**2 + 3*o - 2 - 154*o**3 + 2 + 152*o**3. Let u(k) = -d(k) - g(k). Determine u(-3).
-9
Let f be (2/(-14)*-2)/(35/490). Let k(n) = -15*n + 57. Calculate k(f).
-3
Let n(f) = -20*f + 91. Let y(h) = -26*h + 91. Let t(k) = 6*n(k) - 5*y(k). Calculate t(-9).
1
Let p(s) be the first derivative of -341*s**2 + 338*s**2 + 192 + 68 - s + 35 - 4*s. Determine p(-6).
31
Suppose 4*v = -3*s + 218, 2*v - 143 = -4*s + 161. Let q = -76 + s. Let n(z) = z**3 + q*z + 12*z**2 - 2*z**3 + z**2 - 22*z**2 - 4. Determine n(-9).
-22
Let i(q) = 3 - 1 + 7 + q**2 + 3. Let w(g) = 2*g**2 - 18*g. Let v be w(9). What is i(v)?
12
Let r(h) = -3*h**2 + 11*h - 17. Let s(o) = o**2. Let b(k) = r(k) + 2*s(k). Calculate b(7).
11
Let g(f) be the first derivative of f**3/3 - 5*f**2 + 10*f + 4950. Determine g(14).
66
Let r(v) = -6*v - 6. Suppose -6*h + 5*h + 5*j - 261 = 0, 2*h - j + 522 = 0. Let l be 87/h + -2*11/6. Determine r(l).
18
Let h(i) = -i**2 - 5*i. Let s(o) = -o**2 - 5*o + 1. Let x be (-4)/30*-24 + (-14)/70. Let f(k) = x*h(k) - 2*s(k). Calculate f(-4).
2
Let k(a) =